+ 5*q + l*q. What is c(1)?
2
Let t(x) = 4 + x + x - 4*x. Let v(h) = 2*h - 5. Suppose 350*d = 351*d + 6. Let m(z) = d*v(z) - 5*t(z). Calculate m(7).
-4
Let h(a) be the first derivative of 5*a**3/3 + a + 1. Let z(g) be the first derivative of h(g). Let j = -52 - -53. What is z(j)?
10
Let f be (-8)/(-3) + 5 + (-1)/(-3). Let s = 14 - f. Let y(v) = -v**2 + 6*v - 1. What is y(s)?
-1
Let r = -873 + 867. Let f(i) = i**3 + 7*i**2 + 6*i - 6. Give f(r).
-6
Let v(n) be the first derivative of -n**4/4 + 5*n**3/3 + 4*n**2 + 3*n + 45. Determine v(6).
15
Let r(s) = -s**2 + 8*s + 19. Let b be r(10). Let n be (b - -3)/(1/(-2)). Let y(p) = 3*p + 4. Determine y(n).
-8
Let w(s) = -6*s**3 - 9*s**2 - 2*s - 2. Let t(r) = 7*r**3 + 10*r**2 + 3*r + 2. Let i(y) = 5*t(y) + 6*w(y). Let z = 5 - 10. Determine i(z).
8
Let o(f) = 2*f**3 - 11*f**2 - 25*f + 16. Let c(p) = p**3 - 6*p**2 - 11*p + 8. Let k(z) = -5*c(z) + 2*o(z). What is k(8)?
32
Suppose 5*t - 8*v = -3*v + 40, v = 5*t - 28. Suppose 0*r + t = -r. Let w(x) = -2*x**2 - 6*x + 6. Determine w(r).
-14
Let p = 10 + -7. Let l(n) = -4 - 5*n + 4 - n**2 + p. Let j = -42 - -37. Determine l(j).
3
Let t(v) = -6*v**2 + 9*v. Let s(u) = u**2 - 2*u. Let f(m) = 11*s(m) + 2*t(m). Give f(-5).
-5
Let s(x) = -4*x + 11. Let l(v) = 2*v - 6. Let j(a) = -7*l(a) - 3*s(a). Give j(4).
1
Suppose -3*j = -2*j - 2. Suppose -c + 4*a + 12 = 0, c + j*a = -2*c + 8. Suppose -c*n - n = 0. Let h(d) = d**2 - d - 3. Calculate h(n).
-3
Let b(i) = i. Suppose -84 = -7*k - 28. Suppose -k*w + 25 = -3*w. Determine b(w).
5
Let h(v) = v**2 - 2*v - 2. Let r = -4 - -9. Determine h(r).
13
Let m be ((-80)/(-56))/(2*1/(-14)). Let v(n) = n**2 + 7*n - 10. Determine v(m).
20
Let k be (-189)/2 - (-24)/16. Let r = -45 - k. Let p(y) = -4 - 46*y**2 + r*y**2 - 2*y + 2. Calculate p(2).
2
Let r(c) = c**3 + c**2 - c + 9. Let k be 2/12 + (-44)/(-24). Suppose 2*i + 6 = 2*y, -y + 0 = -k*i - 6. Calculate r(y).
9
Let s(z) = -4*z + 17. Let l = -333 + 336. Calculate s(l).
5
Let s = -46 + 51. Let n be (0 - (0 + 1)) + 1. Let u = n - s. Let x(m) = m**2 + 7*m + 6. Give x(u).
-4
Let y(a) be the second derivative of -a**5/120 - 3*a**4/8 - a**3/3 + 2*a. Let b(l) be the second derivative of y(l). Calculate b(-5).
-4
Let b(q) be the third derivative of q**5/60 - q**4/12 + q**3/6 - q**2. Let h(v) = -4*v + 34. Let x be h(8). Calculate b(x).
1
Let h(d) = d**2 - 2*d - 5. Suppose 11 + 5 = 4*y, 5*i = -5*y - 100. Let w = i + 28. What is h(w)?
3
Suppose 0 = -1458*o + 1460*o - 12. Let i(z) = -z**2 + 8*z - 2. What is i(o)?
10
Suppose 5 = -2*w - 6*x + x, -3*x = 3*w - 6. Let l(d) = 5*d**2 - 9*d + 5. Let u(t) = -t**2 + t - 1. Let r(h) = -l(h) - 4*u(h). What is r(w)?
-1
Let u(o) = -o**2 - 8 - 30*o**2 + 30*o**2 - 4*o. What is u(-6)?
-20
Let r(q) = 5*q - 1 - 3*q - 3*q + 5*q + q**3 + 6*q**2. Let h be r(-5). Let u(g) = 6*g - 5. Let x(d) = 26*d - 21. Let v(f) = -9*u(f) + 2*x(f). Give v(h).
-5
Let w be (-3 + 10/4)*-4. Suppose 8 = 5*v - w. Let o(p) = -2*p + 19*p**2 + p**3 - 5*p + 7 - 24*p**v. Calculate o(6).
1
Let d be (-18)/(-21) + (-1984)/224. Let i(p) = p - 2 + 0 + 3. What is i(d)?
-7
Suppose -2*k + 7*k - 10 = 0. Let v(d) = d**2 + 0*d + 6*d + 0*d**k + 5. Determine v(-6).
5
Let y(i) = 2*i**2 - 1 - 5*i + 4*i - i**2. Let c(z) = -z**2 + 9*z + 9. Let g(j) = -c(j) - 2*y(j). Give g(-6).
-1
Let z(i) be the third derivative of i**5/30 + 5*i**4/6 + 7*i**3/6 - 5*i**2 + 28. What is z(-9)?
-11
Let x(n) be the first derivative of n**4/4 + 4*n**3/3 - n**2/2 + 5*n + 4. Let j(l) = -l**2 + 6*l - 9. Let h be j(5). What is x(h)?
9
Let s(p) = -5*p**2 + 7*p + 3. Let w(o) = o**2 - o. Let n(i) = s(i) + 6*w(i). Calculate n(-3).
9
Let w = -18 - -21. Suppose 0 = 3*t - 3*l + 27, 0 = -t - t + w*l - 21. Let s(r) be the first derivative of r**2/2 - 4. Determine s(t).
-6
Let l(n) = 7*n + 1. Let f(o) = 2*o**3 + 4*o**2 + 4*o + 2. Let u be f(-2). Let t = u - -16. Let k be 10/t*(-2)/(-2). Determine l(k).
8
Let j = -52 + 31. Let i = -21 - j. Let v(x) = 8 - x**2 - x - 5*x + 6*x. Determine v(i).
8
Let u(z) = -5*z - 10. Let d be u(-8). Suppose -8*l = -d + 6. Suppose l*w + 35 = 8*w. Let g(s) = s - 8. Give g(w).
-1
Let a(b) = b**3 - 8*b**2 + b - 3. Let o be a(0). Let w(u) = -2*u**2 - 5*u + 6. Give w(o).
3
Let h(j) = 7*j - 10. Suppose z = -19 + 13. Let q(l) = 20*l - 29. Let d(c) = z*q(c) + 17*h(c). Let f be d(10). Let m(b) = b**2 + 6*b + 7. Determine m(f).
7
Let x(n) = -7*n**2 + 5*n - 12. Let y(h) = -9*h**2 + 3*h - 12. Let a(u) = 3*x(u) - 2*y(u). Calculate a(4).
-24
Let s(h) = -423 + 431 - h**2 - 3*h + 0*h**2. Calculate s(3).
-10
Let c(t) be the second derivative of t**5/120 - 3*t**3/2 + 10*t. Let l(h) be the second derivative of c(h). What is l(7)?
7
Let i be (-9)/2*(-94)/846. Let b(j) be the first derivative of j + 8 - i*j**2. Give b(0).
1
Suppose 0*t + 2*t = 4*g + 32, 2*t - 22 = -g. Let o(u) = -30*u**3 - 19*u**3 - 15*u**2 + 2*u**2 + 50*u**3 + 2 + 12*u. Give o(t).
2
Let k(y) = y**3 - y**2 - 5*y + 3. Let v = -13 + 16. Suppose -s + v*h = -6, 2*h - h = s - 4. Determine k(s).
6
Let t(k) be the third derivative of k**5/3 - 76*k**2. What is t(1)?
20
Let b(o) = -2*o. Let k = -883 - -877. Calculate b(k).
12
Let w(z) = -10 - 7 + z + 19 - 6. Let b be -2 + (1 - -1) + 9. What is w(b)?
5
Let i(u) = 4*u - 3*u + 0 - 2. Let t be (10/(-22))/(8/(-88)). Calculate i(t).
3
Suppose 2*t = -6*t + 96. Suppose t*g = 21 + 63. Let w(c) = c**2 - 6*c - 3. Calculate w(g).
4
Let y(j) = 9*j - 3. Let z(o) = -10*o + 4. Let w(p) = 5*y(p) + 4*z(p). Suppose 2*f - 33 = 3*v, 2*f - 3*f - 4*v - 11 = 0. Let s = f - 10. What is w(s)?
-4
Let y(q) be the second derivative of q**6/120 + q**5/30 - q**4/12 - q**3/6 - 7*q**2/2 + 14*q. Let k(u) be the first derivative of y(u). What is k(2)?
11
Let o(s) = -s**3 + 7*s**2 - 6*s - 1. Let g(v) = -5*v - 48. Let p be g(-10). Suppose -5*w + 3*r = -27, -4*w - p*r + 9 = -17. What is o(w)?
-1
Let u(i) = i**3 - 5*i**2 - i + 5. Suppose 2*a = -10, -3*a = 3*h - 2*a + 110. Let c be (56/h)/((-2)/5). Determine u(c).
-15
Suppose 0 = 3*m + l - 17, -3*m = 2*m + 5*l - 45. Let w(f) = 6*f**2 + 6*f + f**2 - 5*f**2 - m - 3*f**2. What is w(5)?
1
Let v(y) = y**3 + 10*y**2 - 4. Suppose -24 = 4*k - 136. Let m = k + -38. Determine v(m).
-4
Let o(m) = -6*m**3 + 19*m**2 - 5*m + 3. Let l(b) = -5*b**3 + 17*b**2 - 4*b + 2. Let h(w) = 7*l(w) - 6*o(w). Calculate h(-4).
4
Let l(y) = -4*y - y**3 - y**3 + 3*y**3 + 5*y**2. Let k(t) = -6*t + 54. Let w be k(10). Give l(w).
-12
Let a(i) be the third derivative of 0 + 1/60*i**5 - 1/6*i**4 - 5/6*i**3 + 5*i**2 + 0*i. Give a(4).
-5
Let a(j) = 4 - 3*j + 7 - 6 - j + 0*j. Give a(-4).
21
Let y(p) = 12*p**3 - 24*p**2 - 41*p + 13. Let b(s) = 6*s**3 - 11*s**2 - 19*s + 6. Let q(c) = 13*b(c) - 6*y(c). Give q(1).
6
Let c(v) be the second derivative of v**4/4 - v**3 + 7*v**2/2 + 14*v. Let z(d) = d**2 + 1. Let p(r) = c(r) - 2*z(r). What is p(6)?
5
Let w(s) = -s**2 - 7*s - 1. Let o be w(-6). Let u = 3 + 10. Suppose -o*m - u = 2. Let k(r) = r**3 + r**2 - 3*r - 2. What is k(m)?
-11
Let g(h) = h**2 + 8*h - 7. Suppose 4*b + x = 167, 5*x - 138 = -3*b - 0*x. Suppose -37 = 5*f - k - 8, -4*k + b = -5*f. Calculate g(f).
-22
Let l(d) = -2*d**2 - 5*d + 2. Let v(k) = 2*k - 1. Let o(x) = l(x) + 5*v(x). What is o(3)?
-6
Let c(g) = -3*g**2 - 42*g - 6. Let m(s) = 2*s**2 + 31*s + 4. Let y(x) = 5*c(x) + 7*m(x). Let p = -1 + 0. Let q be p/((-2)/20) + -2. Give y(q).
-10
Let l be 1/(-3)*(-26 + 11) + 7. Let d(p) = -p**2 + 13*p - 17. What is d(l)?
-5
Let p be 72/8*((-3)/9 + 1). Let f(m) = 2 - m + 2*m - 3*m. Calculate f(p).
-10
Let p(b) = -2*b**2 + 4*b - 6. Let x(q) = -2*q**2 + 3*q - 5. Let y(j) = -j**2 + 5*j - 10. Let d be y(3). Let m(g) = d*x(g) + 3*p(g). Give m(2).
10
Let n(r) = -10 + 14*r + 18*r - 43*r + 15*r - 9. Determine n(6).
5
Suppose 18 = -11*f + 14*f. Suppose -2*y + f = y. Let o(d) = -1 - y + 0 - d**2 + 4 - d. What is o(-4)?
-11
Let s be (-115)/35 + 2/7. Let u(l) be the third derivative of -l**5/60 - l**4/4 - l**3/2 + 10*l**2. Calculate u(s).
6
Let m(j) = 15*j**2 + 12*j + 1. Let a(n) = -26*n**2 - 19*n - 2. Let y(t) = 4*a(t) + 7*m(t). Let d = -24 - -16. Calculate y(d).
-1
Let z be (24 - 9)/(1/(4/6)). Let a(c) = z + 9 + 9*c**3 - 18. Calculate a(1).
10
Suppose -4*n = 3*m + 32, 6*n - 2*m + 2 = 4*n. Let g(b) = b**2 + 2*b - 10. Determine g(n).
5
Let q(d) = -3*d**3 - 2*d - 4. Let y